j(-1) is divided by i?
18
Suppose -5*z - 4 = -14. Let f be ((-427)/z)/7*4. Let q = 227 + f. What is the remainder when q is divided by 36?
33
Suppose -5*a = -4*r + 109, a = 4*r - 120 + 31. Calculate the remainder when 81 is divided by r.
18
Let i = 317 + 10. What is the remainder when i is divided by 10?
7
Let q = 20 + -4. Let t(c) = 71*c - 160. What is the remainder when t(3) is divided by q?
5
Let j = -50 + 51. Calculate the remainder when j is divided by 1.
0
Let b = 20 - 15. Suppose a + 9 = 3*k - a, -4*k + b*a = -12. What is the remainder when 13 is divided by k?
1
Suppose 0 = -3*g + 2*m + 7, -4*g - 5*m = -1 - 16. Suppose l - 71 = -4*c, l = -0*l - g*c + 69. Let z = -20 - -36. Calculate the remainder when l is divided by z.
15
Calculate the remainder when 1 + 3280/25 + (-2)/10 is divided by 34.
30
Let q be (-20)/6 + 20/6 + -3. Let y = 46 - q. What is the remainder when y is divided by 13?
10
What is the remainder when 1137 is divided by -5*1/2*(28 - 66)?
92
Suppose -k + 2 = 3*s, -13*s + 18*s - 8 = -2*k. What is the remainder when 111 is divided by k?
13
Suppose -7 = -2*b - 3, -5*b + 130 = 4*g. What is the remainder when 176 is divided by g?
26
Let c be ((-235)/6)/(-5) - 1/(-6). What is the remainder when (300/c)/(3/6) is divided by 39?
36
Let f = 11 - 9. Suppose g + 5 = f*g. Suppose g*y - 6*y + 9 = 0. Calculate the remainder when 15 is divided by y.
6
What is the remainder when 20 is divided by 5 + (4 + 0)/(17 - 19)?
2
Let m be (1/(-2))/(5/(-40)). Suppose v + 20 = 2*g + 7, 5*v + 17 = m*g. Calculate the remainder when 11 is divided by g.
3
Let h = -696 - -852. Calculate the remainder when h is divided by 80.
76
Let n(y) = -y + 5. Let a be n(0). Suppose 5*g + 5 = -10, -51 = -r + a*g. What is the remainder when r is divided by 13?
10
Suppose -792 = -33*x - 3*x. Calculate the remainder when 104 is divided by x.
16
Calculate the remainder when (2 - (-1903)/(-33))/((-1)/9) is divided by 42.
39
Let b(z) = -8*z + 57. Calculate the remainder when b(-18) is divided by 196.
5
What is the remainder when 34 is divided by (-58)/(-7) + 2 - 6/21?
4
Let b be 1 + 0 + (-2 + 4 - 3). What is the remainder when 24 is divided by -1*(-15 - b*(-1)/(-2))?
9
Suppose 326 = 55*k - 114. Calculate the remainder when 18 is divided by k.
2
Calculate the remainder when -1*(-14 + -3 + -3) is divided by 9.
2
Suppose 2*c = -2*d + 4, -6*c = -c - 5*d - 20. Suppose -2*j + 107 = -5. Suppose -j = -c*x + x. Calculate the remainder when 54 is divided by x.
26
Let n be (20/15 - 2)/((-2)/288). Let m = -53 + n. Calculate the remainder when m is divided by 23.
20
Suppose 4*i - 8 = 3*i. Let m = 103 + -101. Suppose m + 42 = 2*y. Calculate the remainder when y is divided by i.
6
What is the remainder when 0/(3/(-4)*4) + 209 is divided by 15?
14
Suppose 5*f = -2*s + 39, -4*s + 6*s - 31 = 3*f. Let u(a) = a**3 - 12*a**2 + 2*a - 17. Calculate the remainder when s is divided by u(12).
3
Suppose 2*g - 4*g = -6. Suppose -192 = -4*o - g*p - p, -2*o + 93 = 5*p. What is the remainder when o is divided by (5/(-45)*-39)/(3/18)?
23
Let z(d) = -d**2 + 12*d - 12. Let o be z(13). Let s = 39 + o. Calculate the remainder when 41 is divided by s.
13
Suppose 13 = v + 4*i, 20 = 54*i - 49*i. Let r(x) = 0*x**2 + 2*x - 7 + 3*x**2 - x. Calculate the remainder when 67 is divided by r(v).
16
Suppose -5*t + 3 = -12. Suppose 5*h + 2*c = 168, -t*h + 4*c = c - 84. Let k(d) = d**3 + d**2 + d + 11. Calculate the remainder when h is divided by k(0).
10
Suppose -4*r + 29 = y, -2*y + 2*r + 123 = 3*y. What is the remainder when 647 is divided by y?
22
Let s(z) = -z**2 + 6*z. Let x be s(6). Suppose x = 2*w - 6*w + 164. Let h = -13 + w. What is the remainder when 54 is divided by h?
26
Let x(c) = c**2 - 22. Let k be x(5). Suppose -7 = k*q - 1, -i + 3*q + 83 = 0. What is the remainder when i is divided by 16?
13
Let h(c) = -c**3 - 12*c**2 - 16*c - 19. What is the remainder when 1077 is divided by h(-11)?
33
Let d be (-7 - -10)*(-7)/1. Let a = -20 - d. Calculate the remainder when 74 is divided by (a + (-32)/12)*-9.
14
Let o be ((-30)/(-25))/(2/185). Suppose -2*b = -3*u + o, -74 = -u - u + 3*b. What is the remainder when 70 is divided by u?
33
Suppose 0 = 5*h - 2*y - 156, 3*y - 185 = -4*h - 51. Calculate the remainder when 299 is divided by h.
11
Let q = 75 - 52. Suppose -3*g = k - 8, -2*g + 3*g = -5*k + 26. Let v = 11 - k. What is the remainder when q is divided by v?
5
Let k(g) = 3*g**2 + 5*g - 3. Let l be -49*1 + 17 + -16. Let q = 121 + l. What is the remainder when q is divided by k(-4)?
23
Suppose -2*z + 8 = 4, -64 = k + 3*z. Let x = k + 84. Calculate the remainder when x is divided by 6.
2
Let z(n) = 39*n + 549. What is the remainder when z(-7) is divided by 133?
10
Suppose -23*y + 29*y - 228 = 0. What is the remainder when y is divided by 10?
8
Let h = -7 + 9. Let x = -19 + 52. Calculate the remainder when x is divided by 6*(h - (-4 + 3)).
15
Suppose -3 = -0*x - 4*x - 5*b, -5*x - b = -9. Suppose -11 - 13 = -x*y. Suppose -3*n = -0*n - y. What is the remainder when n is divided by 2?
0
Suppose -5*c + 143 = 4*k, -c - 3*c = k - 22. Let s = k + -39. Let w = 3 + 2. Calculate the remainder when w is divided by s.
2
Suppose 0*t = -3*t + 2*v - 13, t - 14 = -3*v. Let o(i) = -21*i**3 - i**2. Suppose 57 = 4*g + 13. What is the remainder when o(t) is divided by g?
9
Suppose -4*f = 3*u - 5*u + 280, 4*f + u = -292. What is the remainder when f/20*(-50)/3 is divided by 13?
8
Let m = 11 + 2. Let x = 993 + -989. What is the remainder when m is divided by x?
1
Let v = -62 + 122. Suppose -284 - v = -4*n. Suppose 2*j = 26 + n. What is the remainder when j is divided by 29?
27
Suppose 4*h = 3*b - 186, 0 = -2*b + h - 12*h + 165. Let v = -7 + 24. What is the remainder when b is divided by v?
15
Suppose 0*y + 15 = 3*y. Suppose 0 = -4*m - 2*t + 24 + 28, 62 = y*m + t. What is the remainder when 43 is divided by m?
7
Suppose q + 5*g - g = -6, -5*g - 33 = -3*q. Let o(r) = r**2 - 3*r + 12. What is the remainder when o(q) is divided by 19?
11
Let r = -66 - -63. What is the remainder when 76 - (r/(-1) - 8 - -3) is divided by 40?
38
Let k = -165 - -86. Let g = -147 - k. Let y = g + 127. What is the remainder when y is divided by 15?
14
Let y(n) = -2*n**2 - 115*n + 75. What is the remainder when y(-57) is divided by 36?
24
Suppose 0 = 122*j - 120*j - 6. What is the remainder when 77 is divided by j?
2
Let r be (-41)/(-3) - ((-4)/(-6) + 0). Let b(d) = 8*d - 25. What is the remainder when b(r) is divided by 29?
21
Let t = -328 + 364. What is the remainder when 127 is divided by t?
19
Let c = -2345 + 2638. Calculate the remainder when c is divided by 144.
5
Calculate the remainder when 26 is divided by (3340/(-22))/(-10) - 4/22.
11
Let o(g) = -g**3 + 2*g**2 + g + 17. Suppose 4*p = -2*n - p - 15, 5 = -3*n - 4*p. What is the remainder when o(0) is divided by n?
2
Let d(j) = 5*j**2 + 19*j + 30. Let s(u) = u**2 + 4*u + 6. Let p(w) = -2*d(w) + 11*s(w). What is the remainder when p(-7) is divided by 8?
5
Suppose 0 = -27*j + 23*j + 12, -3*t + 4*j = -30. Let v be -5*2*9/(-6). Let z = 11 + v. What is the remainder when z is divided by t?
12
Let t = 780 - 426. What is the remainder when t is divided by 4?
2
Suppose -4*b = -181*i + 176*i - 242, 2*i - 4 = 0. What is the remainder when b is divided by 62?
1
Suppose 0 = 6*z - 1914 - 1182. What is the remainder when z is divided by 52?
48
Let p(k) = -3*k**2 - 19*k - 5. Let o be p(-6). Let n(j) = 98*j**2 + 4*j - 3. What is the remainder when n(o) is divided by 6?
3
Let l(t) = 6*t**2 + 0*t**2 + t - t**3 - 9*t**2 + 9 + 0. Calculate the remainder when 60 is divided by l(-4).
18
Let m(v) = -v**3 - 9*v**2 - 11*v - 19. Let p be m(-8). Calculate the remainder when 104 is divided by (3 - 8)*(p - 12).
34
What is the remainder when 42*(-12)/(-98)*7 is divided by 23?
13
Let z(n) = -5*n. Let i(t) = t**2 + 2*t. Let p be i(-3). Suppose -f + p*f = -4. What is the remainder when 57 is divided by z(f)?
7
Suppose -2646 = -40*u + 33*u. What is the remainder when u is divided by 76?
74
Suppose 5*f + 28 = 6*f. Suppose 5*x - l = 42, -3*x + 2*l = -0*l - f. Let z = 53 - 38. What is the remainder when z is divided by x?
7
Suppose -14 + 54 = 5*i. Let u(z) = 0*z - 10*z**2 + i + z**3 - 5*z + 20*z**2. What is the remainder when u(-10) is divided by 